ghest common divisor of v and 155?
31
Let b be (19 - 4 - (9 + (-26 - -8))) + -7. Let p be (-1)/4*-2*102. Calculate the highest common factor of p and b.
17
Suppose 90*o - 4170 = 85*o - 4*s, s + 1655 = 2*o. What is the greatest common divisor of o and 40?
10
Suppose 228*s = 218*s + 40. Suppose -4*v + 20*f = 23*f - 191, 0 = -s*f - 12. Calculate the highest common divisor of v and 800.
50
Let a = -10861 + 10870. Suppose -4*j + 0*j + 7 = -3*o, 4*o = -4. Let i = j - 0. Calculate the highest common divisor of a and i.
1
Suppose -5*u - 1480 = 5*t, 5*t - 1148 = 4*u - 0*u. Let o = 1006 + u. Calculate the greatest common factor of 42 and o.
42
Suppose -28923 = -2*g + 3*j, -g + 14502 = j + 2*j. Calculate the greatest common factor of g and 225.
75
Let g = -74 - -81. Let a(u) = 3*u**3 - 16*u**2 - 9*u + 7. Let k be a(g). Calculate the greatest common factor of 9 and k.
9
Suppose 22*p + 5153 = 3*t + 17*p, -4*t + 6840 = p. Calculate the greatest common factor of t and 118.
59
Let n = 237 - 295. Let r = n + 62. What is the highest common divisor of r and 128?
4
Suppose 0 = -5*u + 2*i + 1760, -3*u - 102*i + 98*i + 1056 = 0. What is the greatest common divisor of u and 110?
22
Suppose -758*y = -771*y + 7917. What is the highest common factor of y and 105?
21
Let l be (-52)/650 + 127/25. Suppose -i = l*i - 60. Calculate the greatest common factor of i and 10.
10
Let c(n) = -n**3 + 39*n**2 + 89*n - 51. Let r be c(41). Calculate the greatest common factor of 1534 and r.
118
Let w be (-6)/(-2 - (-454)/228). Suppose 0 = 15*i - 4*i + 4752. Let n = w + i. What is the highest common factor of n and 28?
28
Let j(d) = 110*d + 356. Let s be j(2). Calculate the greatest common divisor of s and 276.
12
Let v(w) = -w**2 - 18*w - 1. Let d be v(-5). Let s = -99 - -75. Let y be ((-4)/6)/(2/s*1). What is the greatest common factor of y and d?
8
Let k be (-2565)/(-10) + (-2)/4. Suppose 7*u - k = 3*u. Let f(m) = 16*m**3 + 2*m**2 + m - 3. Let s be f(1). What is the highest common factor of u and s?
16
Suppose p + p = -3*p. Suppose -4*x - w + 475 = p, 5*x + 0*x = 3*w + 615. Let z = 35 + x. Calculate the greatest common divisor of z and 62.
31
Suppose 6*u - 243*u - 263*u + 19000 = 0. What is the greatest common factor of 15922 and u?
38
Let w = 8 + -16. Let c be ((-164)/6)/(w/12) + -1. Suppose -17 = -4*j - 3*v, 2*j - v - 13 = j. What is the greatest common divisor of j and c?
8
Let s(p) = 2*p**2 - 108*p + 1128. Let h be s(46). What is the greatest common factor of 1127 and h?
49
Suppose 0 = 4*r - 35 + 23. Suppose -t - 4*f = -197, 7*t - r*t - 816 = -2*f. Calculate the highest common divisor of 10 and t.
5
Let a = 110 + -73. Let h be (5*(-8991)/(-270))/(4/8). What is the highest common divisor of a and h?
37
Suppose -6*f + 133 = -107. Suppose -12*g + 2*t - 55 = -15*g, -g - 5*t + f = 0. Calculate the greatest common divisor of g and 15.
15
Suppose i = -2*m + 18, 4*i + m - 3 = 97. Let h = -903 + 908. Suppose -h = -5*p - b, -5*p = -3*b + 1 - i. What is the greatest common factor of 5 and p?
1
Let p be (9*(-7 - 438/(-54)))/(4/102). What is the highest common factor of 867 and p?
51
Let l = 36 - 33. Suppose l*f - 18 = -2*p + 5*p, 3*f = 4*p + 21. Suppose 4*v = -f*g + 27, 0*g - 4*g + 2*v = -36. What is the highest common factor of g and 72?
9
Suppose 64*x + 5*x - 23562 = -33*x. What is the highest common factor of 1869 and x?
21
Suppose -304*q + 77165 - 9069 = 0. What is the highest common divisor of 1778 and q?
14
Let m(k) = 14*k - 41. Let v be m(10). Suppose -2*a + 6 = a. Suppose a*l = -0*l + 18. Calculate the highest common divisor of l and v.
9
Let s = -3 - -4. Let w be s + 29*(4 + -3). Let i(y) = 680*y + 4095. Let m be i(-6). What is the highest common divisor of m and w?
15
Let u be 1*(-27 + 24 - (-6)/2). Let g be 26/(-13) + (u + 1 - -22). What is the greatest common factor of 14 and g?
7
Let y = -293 + 301. Calculate the highest common factor of 37 and y.
1
Suppose 6 = 2*q, 196*q = -5*d + 197*q + 39777. Calculate the greatest common divisor of d and 72.
36
Let u be -1 - (-1 + (-32)/72) - (-177)/27. What is the greatest common divisor of 112 and u?
7
Let w be (-85)/(-1*10/230). Calculate the greatest common factor of w and 115.
115
Suppose 5*s - 36 = -3*q, -3*s - 6 + 48 = -5*q. What is the greatest common factor of s and 117?
9
Suppose 2*k + 10 - 58 = 0. Let g(l) = -l - 3. Let y be g(-3). Suppose 3*w - 4*w + 3 = y. What is the greatest common factor of k and w?
3
Suppose -3*y = 68 - 8. Let o(n) = 8*n + 215. Let l be o(y). Calculate the greatest common divisor of 55 and l.
55
Let a = 5150 + 13568. Calculate the highest common factor of 98 and a.
98
Suppose -s + 5*r = -473, -1583 - 632 = -5*s - 5*r. What is the greatest common divisor of s and 3248?
112
Let v be 2/(-1 + 38/37). Let t = -41 + v. Let n(u) = -80*u + 251. Let x be n(3). Calculate the greatest common divisor of x and t.
11
Let i(m) = 20*m + 17. Let c be i(-5). Suppose -19*r + 1245 = -522. Let o = r + c. Calculate the greatest common factor of o and 40.
10
Suppose 3*t + 4*c - c = -48, t = -3*c - 26. Let a be (-9)/((-9)/(-3)) - t - 2. Calculate the highest common divisor of a and 54.
6
Suppose -9 = 41*o - 45*o - x, 0 = -2*o + 4*x. Suppose -3*b + o*n + 29 = 0, -5*b - 3*n - 40 + 101 = 0. Calculate the greatest common divisor of 8 and b.
1
Suppose -569 = -8*n + 807. Let w = n + -162. Calculate the highest common divisor of 20 and w.
10
Let b = 2653 - -2227. Calculate the highest common divisor of b and 240.
80
Suppose 0 = 33*h - 12*h - 357. Let d = 4 - -3. Suppose -d*u + h + 25 = 0. What is the greatest common divisor of 14 and u?
2
Suppose 26*c - 22*c - 759 = -65*c. Calculate the greatest common divisor of c and 49.
1
Suppose -4*b + 60 = -2*i, 0 = 3*b + 4*i + 6 - 51. Let a(t) = -t + 24. Let d be a(b). Suppose 123 = -d*s + 366. Calculate the highest common factor of 18 and s.
9
Let c(r) = -272*r + 2512. Let t be c(8). Let s = -5 - -26. What is the greatest common factor of t and s?
21
Let u = 7628 + -6361. What is the highest common factor of 42 and u?
7
Suppose 0 = 5*s + 3*a - 1608, 3*a + 1252 = 3*s + 268. What is the greatest common factor of 396 and s?
36
Let t be (-918)/(-18)*(-2)/(-3). Calculate the greatest common factor of t and 1241.
17
Let q(m) = -3*m**2 - 16*m. Let t be q(-5). Let d be (4/(-8)*t)/(5/(-50)). Calculate the highest common factor of 425 and d.
25
Let o = 13144 - 11640. Calculate the greatest common divisor of o and 564.
188
Suppose -2*t = -5*u + 1720, t - 5*t = 5*u - 1750. Let q = u - 238. What is the highest common factor of q and 12?
12
Let r be (5/(-3) - -2) + 2724/36. Let m = r + 45. Let c = 104 - 93. Calculate the greatest common divisor of c and m.
11
Suppose -21*v - 6 = -18*v. Let f = v - -194. Calculate the highest common divisor of f and 144.
48
Suppose -24*j + 11 + 109 = 0. Suppose 0 = j*o - 10*o + 3*f + 192, 3*o - 124 = 4*f. What is the highest common factor of 45 and o?
9
Suppose -2*q + 4*q - 36 = 0. Let b be 12/(-168) + (-1099061)/(-1246). Calculate the highest common divisor of b and q.
18
Let p be 0 + (-9)/((-36)/8). Suppose 5*y - p*y + 12 = 0, -5*f + 641 = -4*y. What is the highest common factor of f and 25?
25
Let s(r) = r**3 + 8*r**2 + 5*r + 1. Let x be s(-7). Let g(m) = -m**2 - 34*m + 40. Let p be g(-35). What is the greatest common divisor of p and x?
5
Suppose 3*i - 5*b + b - 40 = 0, -4*i = -3*b - 51. Let w be (-138)/(2/(1/6*8)). Let z = w + 128. Calculate the highest common factor of i and z.
12
Let g be 788/52 + (-10)/65. Let r be g/(0 + 2 - 1). Let i(z) = -z**3 - 4*z**2 + 3*z. Let s be i(-5). What is the highest common divisor of r and s?
5
Let q = -462 - -259. Let c = 222 + q. What is the highest common factor of 209 and c?
19
Suppose -5*b + 7*b = 2*o - 406, 5*o - 3*b = 1027. Calculate the greatest common factor of 931 and o.
19
Let p = 340 - 320. Let y be 25*(10 + (-3 + 3)/4). What is the greatest common divisor of y and p?
10
Let q be 8*(-2)/((-4)/2). Let o = 1 + q. Suppose 53*x - 3607 + 1591 = -3*x. What is the highest common factor of x and o?
9
Let c(d) = 578*d - 6241. Let z be c(11). Calculate the greatest common factor of 5460 and z.
39
Let o(w) = 2188*w**2 - 345*w + 694. Let m be o(2). Calculate the highest common divisor of 88 and m.
44
Suppose -5*h = -10*h + 10, -5*w - 